{"id":639,"date":"2022-10-29T12:58:15","date_gmt":"2022-10-29T12:58:15","guid":{"rendered":"http:\/\/jbcgrouphk.com\/?page_id=639"},"modified":"2022-10-29T13:02:18","modified_gmt":"2022-10-29T13:02:18","slug":"elementor-639","status":"publish","type":"page","link":"https:\/\/jbcgrouphk.com\/?page_id=639","title":{"rendered":"produtos"},"content":{"rendered":"\t\t<div data-elementor-type=\"wp-page\" data-elementor-id=\"639\" class=\"elementor elementor-639\">\n\t\t\t\t\t\t\t\t\t<section class=\"elementor-section elementor-top-section elementor-element elementor-element-02b6f64 elementor-section-height-full elementor-section-boxed elementor-section-height-default elementor-section-items-middle\" data-id=\"02b6f64\" data-element_type=\"section\">\n\t\t\t\t\t\t<div class=\"elementor-container elementor-column-gap-default\">\n\t\t\t\t\t<div class=\"elementor-column elementor-col-100 elementor-top-column elementor-element elementor-element-3c36b6d\" data-id=\"3c36b6d\" data-element_type=\"column\">\n\t\t\t<div class=\"elementor-widget-wrap elementor-element-populated\">\n\t\t\t\t\t\t\t\t<div class=\"elementor-element elementor-element-ad96252 elementor-widget elementor-widget-image\" data-id=\"ad96252\" data-element_type=\"widget\" data-widget_type=\"image.default\">\n\t\t\t\t<div class=\"elementor-widget-container\">\n\t\t\t<style>\/*! elementor - v3.7.8 - 02-10-2022 *\/\n.elementor-widget-image{text-align:center}.elementor-widget-image a{display:inline-block}.elementor-widget-image a img[src$=\".svg\"]{width:48px}.elementor-widget-image img{vertical-align:middle;display:inline-block}<\/style>\t\t\t\t\t\t\t\t\t\t\t\t<img width=\"300\" height=\"300\" src=\"https:\/\/jbcgrouphk.com\/wp-content\/uploads\/2022\/10\/vecteezy_3d-rendering-exclamation-mark-sign-icon_10950671_905-300x300.png\" class=\"attachment-medium size-medium\" alt=\"\" loading=\"lazy\" srcset=\"https:\/\/jbcgrouphk.com\/wp-content\/uploads\/2022\/10\/vecteezy_3d-rendering-exclamation-mark-sign-icon_10950671_905-300x300.png 300w, https:\/\/jbcgrouphk.com\/wp-content\/uploads\/2022\/10\/vecteezy_3d-rendering-exclamation-mark-sign-icon_10950671_905-1024x1024.png 1024w, https:\/\/jbcgrouphk.com\/wp-content\/uploads\/2022\/10\/vecteezy_3d-rendering-exclamation-mark-sign-icon_10950671_905-150x150.png 150w, https:\/\/jbcgrouphk.com\/wp-content\/uploads\/2022\/10\/vecteezy_3d-rendering-exclamation-mark-sign-icon_10950671_905-768x768.png 768w, https:\/\/jbcgrouphk.com\/wp-content\/uploads\/2022\/10\/vecteezy_3d-rendering-exclamation-mark-sign-icon_10950671_905-1536x1536.png 1536w, https:\/\/jbcgrouphk.com\/wp-content\/uploads\/2022\/10\/vecteezy_3d-rendering-exclamation-mark-sign-icon_10950671_905-2048x2048.png 2048w\" sizes=\"(max-width: 300px) 100vw, 300px\" \/>\t\t\t\t\t\t\t\t\t\t\t\t\t\t\t<\/div>\n\t\t\t\t<\/div>\n\t\t\t\t<div class=\"elementor-element elementor-element-b6b5191 elementor-widget elementor-widget-heading\" data-id=\"b6b5191\" data-element_type=\"widget\" data-widget_type=\"heading.default\">\n\t\t\t\t<div class=\"elementor-widget-container\">\n\t\t\t<style>\/*! elementor - v3.7.8 - 02-10-2022 *\/\n.elementor-heading-title{padding:0;margin:0;line-height:1}.elementor-widget-heading .elementor-heading-title[class*=elementor-size-]>a{color:inherit;font-size:inherit;line-height:inherit}.elementor-widget-heading .elementor-heading-title.elementor-size-small{font-size:15px}.elementor-widget-heading .elementor-heading-title.elementor-size-medium{font-size:19px}.elementor-widget-heading .elementor-heading-title.elementor-size-large{font-size:29px}.elementor-widget-heading .elementor-heading-title.elementor-size-xl{font-size:39px}.elementor-widget-heading .elementor-heading-title.elementor-size-xxl{font-size:59px}<\/style><h2 class=\"elementor-heading-title elementor-size-default\">P\u00e1gina em atualiza\u00e7\u00e3o!<\/h2>\t\t<\/div>\n\t\t\t\t<\/div>\n\t\t\t\t\t<\/div>\n\t\t<\/div>\n\t\t\t\t\t\t\t<\/div>\n\t\t<\/section>\n\t\t\t\t\t\t\t<\/div>\n\t\t","protected":false},"excerpt":{"rendered":"<p>P\u00e1gina em atualiza\u00e7\u00e3o!<\/p>\n","protected":false},"author":1,"featured_media":0,"parent":0,"menu_order":0,"comment_status":"closed","ping_status":"closed","template":"elementor_header_footer","meta":{"om_disable_all_campaigns":false,"_monsterinsights_skip_tracking":false,"_monsterinsights_sitenote_active":false,"_monsterinsights_sitenote_note":"","_monsterinsights_sitenote_category":0},"aioseo_notices":[],"_links":{"self":[{"href":"https:\/\/jbcgrouphk.com\/index.php?rest_route=\/wp\/v2\/pages\/639"}],"collection":[{"href":"https:\/\/jbcgrouphk.com\/index.php?rest_route=\/wp\/v2\/pages"}],"about":[{"href":"https:\/\/jbcgrouphk.com\/index.php?rest_route=\/wp\/v2\/types\/page"}],"author":[{"embeddable":true,"href":"https:\/\/jbcgrouphk.com\/index.php?rest_route=\/wp\/v2\/users\/1"}],"replies":[{"embeddable":true,"href":"https:\/\/jbcgrouphk.com\/index.php?rest_route=%2Fwp%2Fv2%2Fcomments&post=639"}],"version-history":[{"count":7,"href":"https:\/\/jbcgrouphk.com\/index.php?rest_route=\/wp\/v2\/pages\/639\/revisions"}],"predecessor-version":[{"id":648,"href":"https:\/\/jbcgrouphk.com\/index.php?rest_route=\/wp\/v2\/pages\/639\/revisions\/648"}],"wp:attachment":[{"href":"https:\/\/jbcgrouphk.com\/index.php?rest_route=%2Fwp%2Fv2%2Fmedia&parent=639"}],"curies":[{"name":"wp","href":"https:\/\/api.w.org\/{rel}","templated":true}]}}